{"id":9,"date":"2018-08-17T13:21:43","date_gmt":"2018-08-17T11:21:43","guid":{"rendered":"http:\/\/www.dm1mt.de\/?page_id=9"},"modified":"2021-08-24T13:02:11","modified_gmt":"2021-08-24T11:02:11","slug":"ueber-mich","status":"publish","type":"page","link":"http:\/\/www.dm1mt.de\/index.php\/ueber-mich\/","title":{"rendered":"\u00dcber mich"},"content":{"rendered":"<p><img loading=\"lazy\" decoding=\"async\" class=\"size-medium wp-image-376 alignleft\" src=\"http:\/\/www.dm1mt.de\/wp-content\/uploads\/2021\/08\/michael-228x300.jpg\" alt=\"\" width=\"228\" height=\"300\" srcset=\"http:\/\/www.dm1mt.de\/wp-content\/uploads\/2021\/08\/michael-228x300.jpg 228w, http:\/\/www.dm1mt.de\/wp-content\/uploads\/2021\/08\/michael.jpg 374w\" sizes=\"auto, (max-width: 228px) 100vw, 228px\" \/><\/p>\n<p style=\"text-align: left;\">Herzlich Willkommen auf meinen Webseiten \ud83d\ude42<\/p>\n<p>Ich bin seit meiner Jugend aktiver Funkamateur und m\u00f6chte euch auf diesen Seiten einen Einblick in meine Station, meine Antennenanlage und meine Projekte geben.<\/p>\n<p>Zu Hause bin ich in <a href=\"https:\/\/www.schoeneck.de\" target=\"_blank\" rel=\"noopener\">Sch\u00f6neck<\/a>, einer Gemeinde in der N\u00e4he von Frankfurt am Main und bin Mitglied und OVV im <a href=\"https:\/\/www.f75-schoeneck.de\" target=\"_blank\" rel=\"noopener\">Ortsverband Sch\u00f6neck F75<\/a> im Deutschen Amateur Radio Club e.V.<\/p>\n<p>vy 73 de Michael DM1MT<\/p>\n<p>&nbsp;<\/p>\n<p>&nbsp;<\/p>\n<p>&nbsp;<\/p>\n<p>&nbsp;<\/p>\n<p><a href=\"http:\/\/www.darc.de\" target=\"_blank\" rel=\"noopener\"><img loading=\"lazy\" decoding=\"async\" class=\"alignnone size-medium wp-image-381 aligncenter\" src=\"http:\/\/www.dm1mt.de\/wp-content\/uploads\/2021\/08\/DARC_Logo_svg-300x191.png\" alt=\"\" width=\"300\" height=\"191\" srcset=\"http:\/\/www.dm1mt.de\/wp-content\/uploads\/2021\/08\/DARC_Logo_svg-300x191.png 300w, http:\/\/www.dm1mt.de\/wp-content\/uploads\/2021\/08\/DARC_Logo_svg-1024x650.png 1024w, http:\/\/www.dm1mt.de\/wp-content\/uploads\/2021\/08\/DARC_Logo_svg-768x488.png 768w, http:\/\/www.dm1mt.de\/wp-content\/uploads\/2021\/08\/DARC_Logo_svg.png 1200w\" sizes=\"auto, (max-width: 300px) 100vw, 300px\" \/><\/a><\/p>\n<p>&nbsp;<\/p>\n<h3 style=\"text-align: center;\"><a href=\"http:\/\/www.gdxf.de\" target=\"_blank\" rel=\"noopener\"><img loading=\"lazy\" decoding=\"async\" class=\"size-full wp-image-379 aligncenter\" src=\"http:\/\/www.dm1mt.de\/wp-content\/uploads\/2021\/08\/gdxflogo1.jpg\" alt=\"\" width=\"225\" height=\"181\" \/><\/a># 1065<\/h3>\n<p>&nbsp;<\/p>\n<p>&nbsp;<\/p>\n<p style=\"text-align: center;\"><strong>Ich unterst\u00fctze den DX CODE OF CONDUCT<\/strong><\/p>\n<p><a href=\"http:\/\/www.dx-code.org\/index.html\" target=\"_blank\" rel=\"noopener\"><img loading=\"lazy\" decoding=\"async\" class=\"alignnone size-full wp-image-82 aligncenter\" src=\"http:\/\/www.dm1mt.de\/wp-content\/uploads\/2018\/09\/dxcodelogotweaked.jpg\" alt=\"\" width=\"202\" height=\"228\" \/><\/a><\/p>\n<h2 style=\"text-align: center;\">DX Verhaltenskodex<\/h2>\n<p style=\"text-align: center;\">Ich werde h\u00f6ren, h\u00f6ren und nochmals h\u00f6ren.<br \/>\nIch werde nur anrufen, wenn ich die DX &#8211; Station h\u00f6ren kann und Ihr Rufzeichen selbst geh\u00f6rt habe.<br \/>\nIch vertraue nicht blind den Meldungen eines DX &#8211; Clusters und versichere mich \u00fcber das Call der DX-Station vor dem Aufruf.<br \/>\nIch st\u00f6re weder die DX-Station noch die Anrufer und stimme auf der DX QRG oder im QSX Bereich nicht ab.<br \/>\nIch warte, bis die DX Station Ihren Kontakt beendet hat, bevor ich rufe.<br \/>\nIch sende immer mein volles Rufzeichen.<br \/>\nIch rufe an und h\u00f6re dann f\u00fcr einen angemessenen Zeitraum. Ich rufe nicht mehrfach.<br \/>\nIch sende nicht, wenn der DX-Operator ein anderes als mein eigenes Rufzeichen ruft.<br \/>\nIch sende nicht, wenn der DX-Operator Teile eines Calls aufruft, die nicht in meinem eigenen Call vorkommen.<br \/>\nIch sende nicht, wenn die DX-Station andere Gebiete anruft, als das in dem ich mich befinde.<br \/>\nWenn der DX-Operator mich ruft, wiederhole ich mein Rufzeichen nicht, es sei denn, ich glaube, er hat es falsch aufgenommen.<br \/>\nIch freue mich \u00fcber und bin dankbar f\u00fcr jeden gelungenen Kontakt.<br \/>\nIch achte meine Amateurfunkfreunde und verhalte mich so, dass ich ihre Achtung verdiene.<\/p>\n<p>&nbsp;<\/p>\n<p><img loading=\"lazy\" decoding=\"async\" class=\"alignnone wp-image-124 aligncenter\" src=\"http:\/\/www.dm1mt.de\/wp-content\/uploads\/2018\/09\/DM1MT-FT8DMC-300x212.jpg\" alt=\"\" width=\"553\" height=\"391\" srcset=\"http:\/\/www.dm1mt.de\/wp-content\/uploads\/2018\/09\/DM1MT-FT8DMC-300x212.jpg 300w, http:\/\/www.dm1mt.de\/wp-content\/uploads\/2018\/09\/DM1MT-FT8DMC-768x543.jpg 768w, http:\/\/www.dm1mt.de\/wp-content\/uploads\/2018\/09\/DM1MT-FT8DMC-1024x724.jpg 1024w, http:\/\/www.dm1mt.de\/wp-content\/uploads\/2018\/09\/DM1MT-FT8DMC.jpg 1754w\" sizes=\"auto, (max-width: 553px) 100vw, 553px\" \/><img loading=\"lazy\" decoding=\"async\" class=\"wp-image-126 aligncenter\" style=\"text-align: center;\" src=\"http:\/\/www.dm1mt.de\/wp-content\/uploads\/2018\/09\/eqsl-300x239.jpg\" alt=\"\" width=\"562\" height=\"447\" srcset=\"http:\/\/www.dm1mt.de\/wp-content\/uploads\/2018\/09\/eqsl-300x239.jpg 300w, http:\/\/www.dm1mt.de\/wp-content\/uploads\/2018\/09\/eqsl.jpg 493w\" sizes=\"auto, (max-width: 562px) 100vw, 562px\" \/><\/p>\n","protected":false},"excerpt":{"rendered":"<div class=\"mh-excerpt\"><p>Herzlich Willkommen auf meinen Webseiten \ud83d\ude42 Ich bin seit meiner Jugend aktiver Funkamateur und m\u00f6chte euch auf diesen Seiten einen Einblick in meine Station, meine <a class=\"mh-excerpt-more\" href=\"http:\/\/www.dm1mt.de\/index.php\/ueber-mich\/\" title=\"\u00dcber mich\">[&#8230;]<\/a><\/p>\n<\/div>","protected":false},"author":1,"featured_media":0,"parent":0,"menu_order":0,"comment_status":"closed","ping_status":"closed","template":"","meta":{"footnotes":""},"class_list":["post-9","page","type-page","status-publish","hentry"],"_links":{"self":[{"href":"http:\/\/www.dm1mt.de\/index.php\/wp-json\/wp\/v2\/pages\/9","targetHints":{"allow":["GET"]}}],"collection":[{"href":"http:\/\/www.dm1mt.de\/index.php\/wp-json\/wp\/v2\/pages"}],"about":[{"href":"http:\/\/www.dm1mt.de\/index.php\/wp-json\/wp\/v2\/types\/page"}],"author":[{"embeddable":true,"href":"http:\/\/www.dm1mt.de\/index.php\/wp-json\/wp\/v2\/users\/1"}],"replies":[{"embeddable":true,"href":"http:\/\/www.dm1mt.de\/index.php\/wp-json\/wp\/v2\/comments?post=9"}],"version-history":[{"count":14,"href":"http:\/\/www.dm1mt.de\/index.php\/wp-json\/wp\/v2\/pages\/9\/revisions"}],"predecessor-version":[{"id":384,"href":"http:\/\/www.dm1mt.de\/index.php\/wp-json\/wp\/v2\/pages\/9\/revisions\/384"}],"wp:attachment":[{"href":"http:\/\/www.dm1mt.de\/index.php\/wp-json\/wp\/v2\/media?parent=9"}],"curies":[{"name":"wp","href":"https:\/\/api.w.org\/{rel}","templated":true}]}}